).
15
Suppose -3*p - 3*h + 10 = -p, 3*p - 29 = -h. Suppose 0 = -n - 2*n + 18. What is the remainder when p is divided by n?
5
Suppose -3*h + 221 = 2*g, -2*g + 351 = 5*h - 3*g. Let b(y) = y**2 - 14*y + 58. What is the remainder when h is divided by b(4)?
17
Let f be (2/4)/((-4)/(-16)). Let y(b) = 4*b**3 - 4*b**2 + 4*b - 3. Let o = -9 - -20. What is the remainder when y(f) is divided by o?
10
Suppose 24 = 2*o + 4*w, 2*w = -5*o - 5 + 25. Suppose -p = o*p - 36. What is the remainder when 22 is divided by p?
10
Suppose -3 + 16 = h. Calculate the remainder when 48 is divided by h.
9
Let h be (0 - -6) + -3 - -27. Let r be -5*h*(-7)/14. Suppose -1 = -4*k + r. What is the remainder when k is divided by 11?
8
Suppose 0 = 2*w + 6 - 26. Calculate the remainder when 29 is divided by w.
9
Let z(a) = -a**2 - 5*a + 6. Let l be z(-5). What is the remainder when (l/(-4))/(18/(-264)) is divided by 8?
6
Let i = 8 - 12. Let s(x) = -x**3 - 2*x**2 + x + 1. What is the remainder when 114 is divided by s(i)?
27
Suppose 2*i - i - 4 = 0. Suppose u = -d - 4*u - 11, i*d - 40 = u. Suppose -13 = -4*n + 7. What is the remainder when d is divided by n?
4
Let c(h) = -h**3 - 13*h**2 + 11*h - 17. Let l be c(-14). Calculate the remainder when 6 is divided by l/15 - (-3)/9.
0
Suppose -4*d = -2*b + 29 + 9, -5*d = 4*b - 115. What is the remainder when b is divided by 14?
11
Let a(c) = 2*c**2 + 5*c + 13. Calculate the remainder when a(-7) is divided by 16.
12
Let u(z) = -2*z**3 + 4*z**2 + 5*z - 1. Let k(s) = s**3 - s**2 - 2*s - 4. What is the remainder when u(-2) is divided by k(3)?
5
Suppose 2*x - 16 = -4. Suppose 2*s + 2 = 4*t, 2*s - 16 = -x. What is the remainder when t is divided by 2?
1
Suppose 15*o = 17*o - 14. Calculate the remainder when 25 is divided by o.
4
Suppose 0 = 2*u - 0*u - 4*l - 32, -5*l = 3*u - 4. What is the remainder when 16 is divided by u?
0
Let a = 61 + -48. What is the remainder when 48 is divided by a?
9
Let q be 3/(8/(-10) - -1). Suppose 0 = 2*m - 6. What is the remainder when (2/(-5))/((-1)/q) is divided by m?
0
Suppose 0 = -4*n - 7 + 23. Calculate the remainder when n is divided by 3.
1
Let r(l) = l**3 + 9*l**2 + 3*l + 1. Let p be r(-10). Calculate the remainder when (p/(-12))/((-3)/(-12)) is divided by 15.
13
Suppose 8 = -4*k, -q + 5*k = 2*q - 10. Suppose -4*m - j + 203 = q, 4*m - 3*j - j - 188 = 0. Let r = -9 - -26. Calculate the remainder when m is divided by r.
16
Suppose 2*g - 156 = -2*s, 2*g = 2*s - s - 75. What is the remainder when s is divided by (-4)/6*-10*3?
17
Suppose -23*b + 2 = -21*b. What is the remainder when 11 is divided by b?
0
Suppose -9 = -2*c - 5. Let b(z) = z**2 - 2*z - 3. Let v be b(3). Suppose v = -c*u - u + 60. What is the remainder when 59 is divided by u?
19
Suppose 113*v - 112*v - 41 = 0. Let b = 35 - 20. What is the remainder when v is divided by b?
11
Let l = -10 + 14. Let s = 2 + l. Calculate the remainder when 4 + -2 - 5*-3 is divided by s.
5
Calculate the remainder when 41 is divided by (8/(-6))/((-10)/105).
13
Suppose -3*q = -5*q - 4*g, g = 2*q. Suppose 3*v - 68 - 43 = q. Let x = -22 + v. What is the remainder when x is divided by 8?
7
Let n(h) = h + 58. Calculate the remainder when n(0) is divided by 12.
10
Let l = 5 - 4. Calculate the remainder when 19 is divided by (-9)/(-1) + l + 0.
9
Suppose -6*l - 29 = -83. Let s be (-18)/(-8) - 1/4. Suppose -5 - 5 = -s*j. Calculate the remainder when l is divided by j.
4
Suppose -f = l - 4, 2*l - 3*f - 36 = 2*f. Let q be (-6)/(-10) - 136/10. Let p = 9 - q. Calculate the remainder when p is divided by l.
6
Let k = 11 + -3. What is the remainder when 31 is divided by k?
7
Let x(b) = 3*b - 14. Let m(z) = -2*z + 7. Let n be 2/6 - (-10)/(-3). Let y(q) = n*x(q) - 5*m(q). Calculate the remainder when 8 is divided by y(-4).
2
Suppose -6*t + 40 = -2*t. Suppose 0 = 3*z - 9*z + 102. Calculate the remainder when z is divided by t.
7
Suppose 6 = -4*d + 2, 0 = -3*a - 2*d + 4. Suppose p - a*p + 9 = 0. Calculate the remainder when 35 is divided by p.
8
Suppose 2*y - 3*c = 7*y - 70, 14 = y + c. Let x(a) = -2*a**3 - a**2 - 4*a - 3. What is the remainder when x(-3) is divided by y?
12
Let i = -8 + 11. Let u(y) = 4*y + 1. What is the remainder when u(1) is divided by i?
2
Let r(h) = -2*h**2 + 18*h - 9. Calculate the remainder when r(7) is divided by 10.
9
What is the remainder when 142 is divided by (-1 - -3) + (-1 - -10)?
10
Suppose t = -t + 10. Suppose -3*n - t = -23. Let a = -3 - -18. Calculate the remainder when a is divided by n.
3
Let q be 84/3*(-2)/4. Let k = q - -21. Calculate the remainder when 20 is divided by k.
6
Suppose 5*p - 4*p = 9. Suppose 0 = 2*g - p - 29. Calculate the remainder when 36 is divided by g.
17
Let p = -28 - -31. Calculate the remainder when p is divided by 1.
0
Suppose 0*r + r + 6 = 0. Let y(k) = -k**2 - 8*k. What is the remainder when 35 is divided by y(r)?
11
Suppose -d = -4*d + 228. What is the remainder when d is divided by 26?
24
Let f = 19 + -11. What is the remainder when 38 is divided by f?
6
Let p = -16 - -33. What is the remainder when p is divided by 6?
5
Let x = -16 - -23. Let m(v) = -v**3 + 9*v**2 - 7*v. Suppose 2*s - 27 = -1. What is the remainder when m(x) is divided by s?
10
Let h be 2/12 - 15/90. Suppose -4*d - 2*r + 5*r + 73 = h, 4*d - 80 = -4*r. What is the remainder when 37 is divided by d?
18
Suppose 0*c = -5*p + 5*c + 215, 0 = -3*p - 4*c + 129. Calculate the remainder when p is divided by 23.
20
Let i(w) = 10*w - 7. Let u be i(6). Suppose 5*t - 1 = 4*t, 5*t - u = -4*c. Suppose -h + g = -6, 3*h + 1 = g + 21. What is the remainder when c is divided by h?
5
Let l = -2 + 6. Calculate the remainder when 14 is divided by l.
2
Suppose 3*l = -2*l + 5. What is the remainder when 42 is divided by (-5)/(l*2/(-6))?
12
Let n(k) = 2 - 3 + 4*k + k - 4*k. Let g = 17 + -3. What is the remainder when g is divided by n(6)?
4
Let t = -11 - -90. What is the remainder when t is divided by 20?
19
Let z be ((-4)/3)/(6/(-9)). Suppose z - 10 = -4*o. What is the remainder when 5 is divided by o?
1
Let y(v) = -v**3 + 10*v**2 - 9. Let l be y(10). Suppose 6*x - x = 180. Calculate the remainder when 22 is divided by (6/l)/((-2)/x).
10
Let r be 1/2*4/1. Suppose r*z + 0 = 12. What is the remainder when 16 is divided by z?
4
Let p(i) = 8*i + 0*i**2 - 2 + 2*i**2 - 3 - 2*i. Calculate the remainder when 28 is divided by p(-5).
13
Let a be (5/2)/(3/6). Let c be 1*a - (-5)/5. What is the remainder when 15 is divided by c/(3*1/4)?
7
Let b be (-4 - 0)*1/(-2). Suppose 5*d - z = 0, d + b = -2*d + z. Let n = d + 21. Calculate the remainder when n is divided by 8.
6
Suppose -2*u = -3*q + u + 9, q - 3*u = 5. Suppose r + 2 = 0, -q*v + 15 = -v + 5*r. Let p(n) = -n**2 - 9*n - 1. What is the remainder when v is divided by p(-7)?
12
What is the remainder when 35 is divided by (2*1/(-2))/(2/(-38))?
16
Suppose -28 = -8*y + 68. Suppose -3*k = 15, k + 198 = 4*r - k. Calculate the remainder when r is divided by y.
11
Suppose 3*z - 2*u + 0 - 20 = 0, 5*u + 12 = -2*z. Suppose z*q + 124 = 4*j, -5*q - 16 - 3 = -j. What is the remainder when j is divided by 12?
10
Let s(x) = -x**3 + 4*x**2 + 6*x - 6. Calculate the remainder when 51 is divided by s(4).
15
What is the remainder when (-210)/2*52/(-39) is divided by 11?
8
Let u(v) = v**2 + 2*v + 3. Let c be u(-2). Suppose 0*p = c*p - 159. What is the remainder when p is divided by 14?
11
Let i be 1/((-2)/(-12)) - 1. Suppose -2*w = -i*f - 16, 67 = 8*w - 3*w + f. Calculate the remainder when 24 is divided by w.
11
Let c(t) = t**2 - 4*t + 10. What is the remainder when c(6) is divided by 13?
9
Suppose -2 = s, 5*x + 2*s - 176 = x. Let j = -48 + 60. Calculate the remainder when x is divided by j.
9
Let b(j) = j + 27. Calculate the remainder when 38 is divided by b(-13).
10
Let q be ((-9)/(-12))/(2/8). Suppose -c + 2 = -4*s + 98, -3*s - q*c = -87. Let l(j) = -22*j + 4. Calculate the remainder when l(-2) is divided by s.
23
Suppose 3*x - 6*x = 2*b - 41, -b = -2*x - 24. Suppose 5*k - 3*k = 0. Suppose 5*a - 40 = -k*a. What is the remainder when b is divided by a?
6
Let x(w) = w + 9. Suppose 3*c - 21 = -0*c. Calculate the remainder when x(10) is divided by c.
5
Let r(z) = -z + 11. Let l be r(7). Suppose 27 = 5*u - a - a, -l*u + 20 = -2*a. Let i = -6 + 10. Calculate th